?
-3033404002341
In base 12, what is -b0 - 83982?
-83a72
In base 9, what is -5 + 26178023?
26178017
In base 9, what is -33 + -346468?
-346512
In base 15, what is -2 - 22514?
-22516
In base 6, what is -42 + 13550425?
13550343
In base 14, what is -44931 - 7?
-44938
In base 3, what is -1122101202 - -220122?
-1121111010
In base 15, what is -839e554 - -3?
-839e551
In base 5, what is 433304204 + -2?
433304202
In base 2, what is -111010101100 + -1010001101010?
-10001100010110
In base 12, what is 43a48 + 15?
43a61
In base 10, what is -9252 - 14732?
-23984
In base 14, what is 38ba194c + -1?
38ba194b
In base 8, what is -132 + 423212?
423060
In base 4, what is 23220220030 - 10?
23220220020
In base 13, what is -3cc1842 - -3?
-3cc183c
In base 3, what is 1 - 1001101112011222?
-1001101112011221
In base 7, what is 506 + 203163?
204002
In base 5, what is 34042313 + -211?
34042102
In base 10, what is -4 + 5559683?
5559679
In base 3, what is 2001220122 - 20121?
2001200001
In base 14, what is -25 - -1043a7?
104382
In base 12, what is -18b0 - -530?
-1380
In base 11, what is -27 - -17aaa4?
17aa78
In base 12, what is b3bb59 + -5?
b3bb54
In base 3, what is -10010 + 10110022201220?
10110022121210
In base 7, what is -14620 + -5026?
-22646
In base 14, what is -7100 - 3568?
-a668
In base 13, what is 151c70 + 377?
152317
In base 11, what is -547 + -8112?
-8659
In base 11, what is -a5 - -779350?
779256
In base 7, what is 16255 + -6106?
10146
In base 11, what is 3a770 + -7209?
33562
In base 11, what is -5 + -5840890?
-5840895
In base 2, what is 1 - 1100000110101110001110000001?
-1100000110101110001110000000
In base 13, what is 205a7 - 111?
20496
In base 8, what is 10743564 - 2?
10743562
In base 15, what is -d79 - -4eb6?
413c
In base 4, what is 11331030302203 + -10?
11331030302133
In base 7, what is 16260611 - -62?
16261003
In base 7, what is -61055 - 1002?
-62060
In base 13, what is a4 + -3381?
-32aa
In base 14, what is -1 - 1a55390a?
-1a55390b
In base 10, what is -1552 - -12161?
10609
In base 4, what is -33031 - 13233112?
-13332203
In base 9, what is 604305 - -3472?
607777
In base 14, what is -1 + 28d1293?
28d1292
In base 3, what is 1 + -10211001012202?
-10211001012201
In base 3, what is 0 + 22020001020220?
22020001020220
In base 15, what is 91bb + -6914?
27a7
In base 6, what is -3410534 - -22?
-3410512
In base 9, what is -24408 - -1381?
-23017
In base 11, what is 5 - 3701359?
-3701354
In base 13, what is b - 3c02cc2?
-3c02cb4
In base 16, what is 4f9cf - -2e5?
4fcb4
In base 9, what is 3854431118 + -3?
3854431115
In base 14, what is 109 - 3dbc?
-3cb3
In base 6, what is -342203 + -421?
-343024
In base 10, what is 366061555 - 3?
366061552
In base 6, what is -4 + 1154441203?
1154441155
In base 14, what is 185 + -3200d?
-31c68
In base 14, what is -5 + -5bc445d?
-5bc4464
In base 10, what is 222 - 136546?
-136324
In base 5, what is 130 - 2111433010?
-2111432330
In base 3, what is 111011012211120 + -12?
111011012211101
In base 8, what is -5 - -25450042?
25450035
In base 11, what is -5a19450 + 2?
-5a19449
In base 11, what is -41757717 + 3?
-41757714
In base 7, what is -103665350 + -6?
-103665356
In base 14, what is -11b + -156c9d?
-156dba
In base 8, what is -4616423 - 6?
-4616431
In base 4, what is 2133 - -1012212?
1021011
In base 4, what is -2 - -31003130000?
31003123332
In base 14, what is -4 - d4687?
-d468b
In base 3, what is -2220000101 + -110001212?
-10100002020
In base 15, what is 26a6aca + -4?
26a6ac6
In base 7, what is 5064162 - 3?
5064156
In base 2, what is 1010111111 + 10001011010100?
10010110010011
In base 5, what is 20430 - 102032?
-31102
In base 5, what is -14 + 113204212?
113204143
In base 13, what is -3 + -1488a7c?
-1488a82
In base 11, what is -738 - a10354?
-a10a91
In base 6, what is 255 + -45104?
-44405
In base 13, what is -9 + 25a0b6?
25a0aa
In base 11, what is 67 - -4238?
42a4
In base 15, what is -c9e + 1c8?
-ac6
In base 2, what is 101101001001110 - 1000000?
101101000001110
In base 2, what is 101 + 1001000111010100010101111?
1001000111010100010110100
In base 6, what is 2514134505 + 5?
2514134514
In base 3, what is -1012 + 121011022220122?
121011022212110
In base 12, what is 1249a4 - a4?
124900
In base 2, what is 101 + -11001110110000000111011110000?
-11001110110000000111011101011
In base 9, what is -2 - 111855682?
-111855684
In base 4, what is -203 + 1223130000?
1223123131
In base 12, what is -1b17 - -4824?
2909
In base 11, what is -3 + -56211016?
-56211019
In base 10, what is 0 + -15656182?
-15656182
In base 15, what is -22 - -bb71?
bb4e
In base 16, what is -dee184 - -3?
-dee181
In base 10, what is 0 - 181885516?
-181885516
In base 8, what is 12552527 + 122?
12552651
In base 5, what is -11 - 10142023444?
-10142024010
In base 6, what is -4130500031 + -2?
-4130500033
In base 10, what is 2157600362 + 0?
2157600362
In base 11, what is -47aa004 + 4?
-47aa000
In base 14, what is -5b9 + -5d7?
-bb2
In base 9, what is -5 + -346080018?
-346080024
In base 16, what is 113 - -1029f?
103b2
In base 5, what is 30 + 20440202042?
20440202122
In base 4, what is -133313 - -33003?
-100310
In base 6, what is 50334534 + 11?
50334545
In base 16, what is -339 + 9842?
9509
In base 3, what is -1002201 - 1012200221?
-1020210122
In base 10, what is -11 - 4271142?
-4271153
In base 9, what is 0 - -1217563?
1217563
In base 5, what is -4 - -13430234?
13430230
In base 3, what is -102202112010 + -1010021?
-102210122101
In base 3, what is 1100212112 - -2200?
1100222012
In base 6, what is 3123305514 - 10?
3123305504
In base 6, what is -12005 + -1143453?
-1155502
In base 12, what is -38 + 5a29a?
5a262
In base 8, what is 70577 - -35453?
126252
In base 14, what is -92497 + -90?
-92547
In base 14, what is -ac27 - 614?
-b43b
In base 4, what is -120102 - -102211202?
102031100
In base 6, what is 250155 - 4545?
241210
In base 16, what is 10b3 - -985?
1a38
In base 3, what is 0 - 21020202121122022?
-21020202121122022
In base 6, what is 25 - -21205343?
21205412
In base 9, what is -13526122 + 4?
-13526117
In base 2, what is 110101000111 - 101001000100?
1100000011
In base 11, what is -21 + -3277676?
-3277697
In base 15, what is -11 - 172a3c?
-172a4d
In base 6, what is 0 - -1353231143?
1353231143
In base 4, what is 30330311 - -210113?
31201030
In base 16, what is 4f2b3 - 3?
4f2b0
In base 3, what is -11 - -21211020021211?
21211020021200
In base 13, what is c81c + -4677?
8175
In base 8, what is 636730063 - -7?
636730072
In base 14, what is -470 + -550?
-9c0
In base 2, what is 11100110010110001001010000100 + -101?
11100110010110001001001111111
In base 6, what is -143 + -131224452?
-131225035
In base 4, what is 212313 - -101332?
320311
In base 9, what is 12 + 32618555?
32618567
In base 10, what is -2539 - -3207?
668
In base 2, what is 11100011001001000110010 - 10?
11100011001001000110000
In base 11, what is -5372678 - 2a?
-53726a7
In base 8, what is 140510762 + 1?
140510763
In base 14, what is 60c790 + 3a?
60c7ca
In base 15, what is 410 + 3e5e?
436e
In base 14, what is -77b516 - -13?
-77b503
In base 9, what is -32460 + -54630?
-87200
In base 4, what is 1013330212 - -22310?
1020013122
In base 11, what is -497350 - -4?
-497347
In base 4, what is 130332103 + 1?
130332110
In base 13, what is -9288 - 8c18?
-151a3
In base 13, what is 424 - -2208?
262c
In base 15, what is 4659da + 11?
4659eb
In base 11, what is -135916a83 - -4?
-135916a7a
In base 6, what is -123 - -114535315?
114535152
In base 5, what is -41033 - 243134?
-334222
In base 6, what is -3010004 - 3022?
-3013030
In base 3, what is 202 - 120002010212?
-120002010010
In base 5, what is 10441100 + -413?
10440132
In base 7, what is 43 + -35214110?
-35214034
In base 8, what is -10730 - -14372?
3442
In base 7, what is 2 + 151516524?
151516526
In base 8, what is 101 - -120432?
120533
In base 12, what is -1336551 + 4?
-1336549
In base 11, what is 13 - -410246?
410259
In base 13, what is -294 - 9a0b?
-9ca2
In base 11, what is 21554a933 + 5?
21554a938
In base 15, what is 19e9ab - -76?
19ea32
In base 3, what is 10 - 200122211210022101?
-200122211210022021
In base 14, what is b8b5d + 2a?
b8b89
In base 15, what is ce310d8 - 5?
ce310d3
In base 3, what is -22212 + -1202101012?
-1202201001
In base 2, what is -1101 - -1101000011110000110101100?
1101000011110000110011111
In b